{"id":29,"date":"2020-10-05T01:48:48","date_gmt":"2020-10-04T23:48:48","guid":{"rendered":"https:\/\/mcg83.neschke.de\/?page_id=29"},"modified":"2024-04-15T01:37:20","modified_gmt":"2024-04-14T23:37:20","slug":"wir-der-modelleisenbahn-club-frankfurt-griesheim-83-e-v-bauen-und-betreiben-seit-ueber-37-jahren-modelleisenbahn","status":"publish","type":"page","link":"https:\/\/www.mcg83.de\/","title":{"rendered":"Aktuelles"},"content":{"rendered":"\n<p>Wir, der Modelleisenbahn-Club Frankfurt-Griesheim 83 e.V., bauen und betreiben seit 40 Jahren Modelleisenbahn in Frankfurt am Main.<\/p>\n\n\n\n<h2 class=\"wp-block-heading\">Neuigkeiten<\/h2>\n\n\n\n<div class=\"wp-block-group is-content-justification-right is-nowrap is-layout-flex wp-container-core-group-is-layout-5054138e wp-block-group-is-layout-flex\"><ul class=\"wp-block-latest-posts__list alignwide wp-block-latest-posts\"><li><div class=\"wp-block-latest-posts__featured-image alignleft\"><a href=\"https:\/\/www.mcg83.de\/?p=450\" title=\"8. und 9. November 2025: 37. Griesheimer Modellbahntage\"><img loading=\"lazy\" decoding=\"async\" width=\"150\" height=\"150\" src=\"https:\/\/www.mcg83.de\/wp-content\/uploads\/2025\/09\/Veranstaltungen_2025_Modellbahntage_a5_rand-150x150.jpg\" class=\"attachment-thumbnail size-thumbnail wp-post-image\" alt=\"\" style=\"\" \/><\/a><\/div><a class=\"wp-block-latest-posts__post-title\" href=\"https:\/\/www.mcg83.de\/?p=450\">8. und 9. November 2025: 37. Griesheimer Modellbahntage<\/a><div class=\"wp-block-latest-posts__post-excerpt\">Es ist bald wieder soweit: Am 8. und 9. November 2025 veranstalten wir die 37. Griesheimer Modellbahntage in Frankfurt Griesheim. \nWir erwarten dieses Jahr auch wieder G\u00e4ste mit ihren Modellbahnanlagen. <a class=\"continue-reading-link\" href=\"https:\/\/www.mcg83.de\/?p=450\">Weiterlesen<\/a><\/div><\/li>\n<li><div class=\"wp-block-latest-posts__featured-image alignleft\"><a href=\"https:\/\/www.mcg83.de\/?p=439\" title=\"9. und 10. November 2024: 36. Griesheimer Modellbahntage\"><img loading=\"lazy\" decoding=\"async\" width=\"150\" height=\"150\" src=\"https:\/\/www.mcg83.de\/wp-content\/uploads\/2024\/10\/Veranstaltungen_2024_Modellbahntage_a5_randlos-saxoprint-150x150.jpg\" class=\"attachment-thumbnail size-thumbnail wp-post-image\" alt=\"\" style=\"\" \/><\/a><\/div><a class=\"wp-block-latest-posts__post-title\" href=\"https:\/\/www.mcg83.de\/?p=439\">9. und 10. November 2024: 36. Griesheimer Modellbahntage<\/a><div class=\"wp-block-latest-posts__post-excerpt\">Es ist bald wieder soweit: Am 9. und 10. November 2024 veranstalten wir die 36. Griesheimer Modellbahntage in Frankfurt Griesheim. Wir erwarten dieses Jahr auch wieder G\u00e4ste mit ihren Modellbahnanlagen. Auch wird es wieder unser Spielecke zum Modellbahnspielen geben. <a class=\"continue-reading-link\" href=\"https:\/\/www.mcg83.de\/?p=439\">Weiterlesen<\/a><\/div><\/li>\n<li><div class=\"wp-block-latest-posts__featured-image alignleft\"><a href=\"https:\/\/www.mcg83.de\/?p=366\" title=\"Neugestaltung des Segment 21 unserer Modulanlage\"><img loading=\"lazy\" decoding=\"async\" width=\"150\" height=\"150\" src=\"https:\/\/www.mcg83.de\/wp-content\/uploads\/2024\/04\/H0-21-Skizze_s-150x150.jpg\" class=\"attachment-thumbnail size-thumbnail wp-post-image\" alt=\"\" style=\"\" \/><\/a><\/div><a class=\"wp-block-latest-posts__post-title\" href=\"https:\/\/www.mcg83.de\/?p=366\">Neugestaltung des Segment 21 unserer Modulanlage<\/a><div class=\"wp-block-latest-posts__post-excerpt\">Wie die meisten Segmente unsere H0-Segmentanlage ist auch dieses in die Jahre gekommen, sodass eine \u00dcberarbeitung erfolgen soll. Neben der Landschaft soll hier auch ein Ladegleis mit Laderampe und Ladestra\u00dfe entstehen. Das schaffen von Baufreiheit und Bau des Ladegleises war schnell erledigt &#8230; 2023 machte sich Helmut daran, weiteres Neues zu schaffen. Die Laderampe entstand&#8230; <a class=\"continue-reading-link\" href=\"https:\/\/www.mcg83.de\/?p=366\">Weiterlesen<\/a><\/div><\/li>\n<li><a class=\"wp-block-latest-posts__post-title\" href=\"https:\/\/www.mcg83.de\/?p=295\">Termine 2024<\/a><div class=\"wp-block-latest-posts__post-excerpt\">Da Jahr 2024 nimmt seinen Lauf. Auch diese Jahr gibt es Veranstaltungen, an denen wir uns beteiligen werden. Der Eisenbahn-Vereine, ob Vorbild oder Modell, kennen sich im Rhein-Main-Gebiet und so bietet es sich an, sich auch an deren Veranstaltungen zu beteiligen. In den meisten F\u00e4llen packen wir da unsere Rangierspiele ein. Diese sind einfach zu&#8230; <a class=\"continue-reading-link\" href=\"https:\/\/www.mcg83.de\/?p=295\">Weiterlesen<\/a><\/div><\/li>\n<li><div class=\"wp-block-latest-posts__featured-image alignleft\"><a href=\"https:\/\/www.mcg83.de\/?p=70\" title=\"Modellbahntage 2023\"><img loading=\"lazy\" decoding=\"async\" width=\"150\" height=\"150\" src=\"https:\/\/www.mcg83.de\/wp-content\/uploads\/2023\/05\/Flyer_2023-blau-1-a5_zweiseitig-v6-flyeralarm-banner-150x150.png\" class=\"attachment-thumbnail size-thumbnail wp-post-image\" alt=\"\" style=\"\" \/><\/a><\/div><a class=\"wp-block-latest-posts__post-title\" href=\"https:\/\/www.mcg83.de\/?p=70\">Modellbahntage 2023<\/a><div class=\"wp-block-latest-posts__post-excerpt\">Nach den Modellbahntage ist vor den Modellbahntage. Dieses Jahr finden diese am 11. und 12.11.2023 statt, wie immer im Saalbau Griesheim. Wir werden einen Teil unserer Anlagen zeigen und wir haben auch einige G\u00e4ste mit ihren Anlagen eingeladen. Auch unsere Spielecke soll es wieder geben. Leider steht uns die Tiefgarage diese Jahr NICHT zur Verf\u00fcgung&#8230;. <a class=\"continue-reading-link\" href=\"https:\/\/www.mcg83.de\/?p=70\">Weiterlesen<\/a><\/div><\/li>\n<\/ul><\/div>\n\n\n\n<h2 class=\"wp-block-heading\">Regelm\u00e4\u00dfige Termine<\/h2>\n\n\n\n<div class=\"wp-block-columns are-vertically-aligned-top is-layout-flex wp-container-core-columns-is-layout-9d6595d7 wp-block-columns-is-layout-flex\">\n<div class=\"wp-block-column is-vertically-aligned-top is-layout-flow wp-block-column-is-layout-flow\">\n<h2 class=\"wp-block-heading\">Mittwoch: Bau\u00adabend<\/h2>\n\n\n\n<p>Zus\u00e4tzlich treffen sich einige Mitglieder mittwochs ab 18 Uhr. Hier steht das gemeinsame Bauen an den Club-Anlagen im Vordergrund. Falls sie uns an diesem Tag besuchen m\u00f6chten, fragen sie bitte vorher unter <a href=\"mailto:mcg83@gmx.de\">mcg83@gmx.de<\/a> nach.<\/p>\n<\/div>\n\n\n\n<div class=\"wp-block-column is-vertically-aligned-top is-layout-flow wp-block-column-is-layout-flow\">\n<h2 class=\"wp-block-heading\">Donnerstag: Club\u00adabend<\/h2>\n\n\n\n<p>Der <strong>Clubabend<\/strong> findet immer am Donnerstag ab 19Uhr statt. Sie k\u00f6nnen uns gerne in unseren Clubr\u00e4umen in der Autogenstr. 19 (Ecke Jungmannstra\u00dfe) besuchen. Sie befinden sich im Erdgescho\u00df, unweit des Griesheimer Bahnhofs.<\/p>\n<\/div>\n\n\n\n<div class=\"wp-block-column is-vertically-aligned-top is-layout-flow wp-block-column-is-layout-flow\">\n<h2 class=\"wp-block-heading\">Samstag: Jugend\u00adnachmittag<\/h2>\n\n\n\n<p>Unsere <strong>Jugendgruppe<\/strong> trifft sich an jedem zweiten Samstag (gerade Kalenderwochen) zwischen 16 und 18Uhr. N\u00e4heres gibt es <a href=\"https:\/\/mcg83.de\/jugend\/jugend.htm\">hier<\/a><\/p>\n<\/div>\n\n\n\n<div class=\"wp-block-column is-vertically-aligned-top is-layout-flow wp-block-column-is-layout-flow\">\n<h2 class=\"wp-block-heading\">Sonntag: Modell\u00adbahn-Spielen<\/h2>\n\n\n\n<p>Am Sonntag betreuen einige Mitglieder von uns f\u00fcr zwei Stunden eine kleine TT-Modellbahnanlage bei der <a rel=\"noreferrer noopener\" href=\"https:\/\/www.budge-stiftung.de\/\" target=\"_blank\">Budge-Stiftung.<\/a><\/p>\n<\/div>\n<\/div>\n","protected":false},"excerpt":{"rendered":"<p>Wir, der Modelleisenbahn-Club Frankfurt-Griesheim 83 e.V., bauen und betreiben seit 40 Jahren Modelleisenbahn in Frankfurt am Main. Neuigkeiten Regelm\u00e4\u00dfige Termine Mittwoch: Bau\u00adabend Zus\u00e4tzlich treffen sich einige Mitglieder mittwochs ab 18&#8230; <a class=\"continue-reading-link\" href=\"https:\/\/www.mcg83.de\/\">Weiterlesen<\/a><\/p>\n","protected":false},"author":2,"featured_media":0,"parent":0,"menu_order":0,"comment_status":"closed","ping_status":"closed","template":"","meta":{"footnotes":""},"class_list":["post-29","page","type-page","status-publish","hentry"],"_links":{"self":[{"href":"https:\/\/www.mcg83.de\/index.php?rest_route=\/wp\/v2\/pages\/29","targetHints":{"allow":["GET"]}}],"collection":[{"href":"https:\/\/www.mcg83.de\/index.php?rest_route=\/wp\/v2\/pages"}],"about":[{"href":"https:\/\/www.mcg83.de\/index.php?rest_route=\/wp\/v2\/types\/page"}],"author":[{"embeddable":true,"href":"https:\/\/www.mcg83.de\/index.php?rest_route=\/wp\/v2\/users\/2"}],"replies":[{"embeddable":true,"href":"https:\/\/www.mcg83.de\/index.php?rest_route=%2Fwp%2Fv2%2Fcomments&post=29"}],"version-history":[{"count":25,"href":"https:\/\/www.mcg83.de\/index.php?rest_route=\/wp\/v2\/pages\/29\/revisions"}],"predecessor-version":[{"id":344,"href":"https:\/\/www.mcg83.de\/index.php?rest_route=\/wp\/v2\/pages\/29\/revisions\/344"}],"wp:attachment":[{"href":"https:\/\/www.mcg83.de\/index.php?rest_route=%2Fwp%2Fv2%2Fmedia&parent=29"}],"curies":[{"name":"wp","href":"https:\/\/api.w.org\/{rel}","templated":true}]}}